-3*u + 0*u - 27 = -3*t, 0 = -t - p*u. Calculate the highest common factor of 36 and t.
6
Suppose 5*c = -2*v + 33, -c + 4*c - 31 = -2*v. Calculate the greatest common divisor of 14 and v.
14
Let g = 13 - 24. Let w = g + 19. Let t be 42/w - (-6)/(-24). Calculate the greatest common factor of t and 40.
5
Suppose 12 + 12 = 3*v. Calculate the highest common divisor of 64 and v.
8
Let p be (-9)/2*(-68)/51. What is the highest common factor of p and 1?
1
Let g = 371 - 213. Let p = g - 238. Let s be (0 + p)*12/(-30). What is the greatest common factor of s and 4?
4
Suppose 0 = -2*q - 5*u - 4 - 12, 0 = -2*q + 3*u. Let j(d) = 2*d**2 + d - 1. Let r be j(q). What is the greatest common divisor of r and 35?
7
Suppose 0 = 3*x + 4*y - 444, 0 = 2*x + 5*y - y - 300. What is the greatest common divisor of x and 16?
16
Let w(v) = v**2 - 9*v - 3. Let k be w(9). Let d be ((-4)/k)/(1/18). Calculate the greatest common factor of d and 6.
6
Let o(y) = y + 2. Let v = 18 + -11. Let a be o(v). Let c be (-3)/(2*1/(-24)). Calculate the highest common factor of c and a.
9
Suppose -2*k - 1 + 24 = -f, 2*f - 31 = -3*k. What is the highest common factor of 77 and k?
11
Let p = -20 + 33. Suppose -2*k = k - 39. Calculate the highest common divisor of k and p.
13
Let c(f) = -f + 28. Let q be c(13). What is the greatest common divisor of 120 and q?
15
Let u(r) = 6*r**2 - r + 2. Let n be u(1). Let p = 4 + 0. Suppose p*q = 23 - n. What is the greatest common divisor of 16 and q?
4
Let c(l) = l**3 + l**2 - 4*l + 3. Let f be c(2). Let a be ((-3)/6)/((-2)/224). Calculate the greatest common divisor of a and f.
7
Let l = -2 + 8. Suppose 0 = l*g - 3*g - 60. Suppose -4*a + 20 = -o - 20, -4*o + 50 = 5*a. What is the highest common factor of a and g?
10
Let h = 27 + -1. Suppose -324 = 15*i - 19*i. Suppose c - i = 101. Calculate the greatest common factor of c and h.
26
Let a(s) = -3*s + 17. Let i be a(5). Let p = -2 - -3. Calculate the greatest common factor of p and i.
1
Let z(g) = 2*g**3 - 2*g**2 + 3*g - 4. Let o be z(2). Suppose -o*l = -6*l - 52. Let m = -18 + 83. Calculate the greatest common divisor of m and l.
13
Let k(w) = w**2. Let q be k(-5). Suppose q = -5*l + 175. Let f be -1 + -1 - (1 + -6). Calculate the greatest common divisor of f and l.
3
Let c(p) = -p**3 - 10*p**2 - 11*p - 13. Let x be c(-9). Suppose -107 - 23 = -x*k. What is the highest common factor of 13 and k?
13
Suppose -26 = 5*j - 6*j. Let y = -14 + j. Calculate the highest common factor of 6 and y.
6
Let b be ((-10)/8)/((-1)/60). What is the highest common factor of 30 and b?
15
Let l = -198 + 385. Let t = -42 - -59. Calculate the highest common divisor of t and l.
17
Suppose 0 = -3*v + 5*y - y + 53, 5*v - 50 = -y. Calculate the highest common divisor of 33 and v.
11
Let l be -1*2 - (1 - 8). Suppose 5*g + 40 = 2*m + 109, l*g + 5*m - 55 = 0. What is the greatest common divisor of 26 and g?
13
Suppose 578 + 434 = 4*s. What is the highest common factor of s and 23?
23
Let a(i) = 14*i**2 - 2. Let s be a(-1). Calculate the highest common divisor of 108 and s.
12
Let m be (-173)/((-2)/6*1). Suppose 0*v - m = 3*v. Let w = -93 - v. What is the highest common divisor of w and 16?
16
Let l = 311 + -39. What is the highest common factor of 16 and l?
16
Let q be 5/(-25) + (-402)/15. Let j be (-544)/(-18) + 6/q. What is the highest common factor of j and 10?
10
Suppose 0 = -3*j + l + 26, j - 4 = -3*l - 2. Let x = -2 + 4. Suppose -i = x*i - 144. Calculate the highest common factor of i and j.
8
Let c(g) = g**3 + 5*g**2 - 3*g - 6. Let n be c(-4). Let l = 364 + -122. What is the highest common factor of n and l?
22
Let t be 2/1 - 1 - -74. Suppose 30 = 5*b - 3*r - 20, -t = -5*b - 2*r. Let y(h) = 105*h**2 - h. Let z be y(1). Calculate the highest common factor of b and z.
13
Suppose -112 = -5*r - 27. What is the highest common divisor of 85 and r?
17
Suppose -4*i + 16 = -48. What is the greatest common divisor of i and 64?
16
Suppose 0 = -2*z - 3*z + 1310. Suppose -3*f + f + z = 0. Suppose -4*h + 49 = -f. What is the greatest common factor of h and 30?
15
Let o(d) = d**3 + 9*d**2 - 11*d. Let l be o(-8). What is the greatest common factor of l and 38?
38
Let z(n) = -218*n + 218. Let m(w) = -1. Let x(j) = -218*m(j) - z(j). Let p be x(-1). Let q = p + 317. What is the greatest common factor of q and 11?
11
Let r be (-1*158)/((-4)/6). Suppose -4*n - 3*a + 183 = -4*a, -4*a = -5*n + r. Suppose 17 = x - 1. Calculate the greatest common divisor of n and x.
9
Let w = -175 - -91. Let h be (w/(-10))/(27/90). Suppose 2*s - t = -0*s + 138, 4*s + 5*t = 290. What is the highest common factor of s and h?
14
Let d = 8 + -8. Let j be (4/(-6) + d)*-18. Suppose k - 28 = j. Calculate the greatest common divisor of k and 5.
5
Suppose 2*w = 2 + 6. Let m be (-10)/w*-2*1. Suppose -2*r = 2*v, r = v - m*v - 12. What is the highest common factor of r and 4?
4
Let r = 7 - 4. Let m be 0 + 1 + 13 - -1. Calculate the highest common factor of m and r.
3
Suppose 6*w - 6 = 4*w. What is the highest common factor of w and 6?
3
Suppose -4*r - 1 = -17. Suppose -r*q + 4 = 5*o - 6, o = -3*q - 9. Calculate the highest common factor of o and 48.
6
Suppose -20 = -4*r - 2*w - 2*w, 0 = -r - 5*w + 17. Suppose r*f - 6 + 2 = 0. Suppose -f*x - x + 33 = 0. Calculate the highest common factor of 11 and x.
11
Let z be -1*(-1 + -45 + 4). What is the highest common factor of z and 63?
21
Let y = -5 - -18. Let v(q) = -q**2 - 9*q - 1. Let f be v(-7). Calculate the highest common divisor of y and f.
13
Let n be 170 - (-1 + 4)*-1. Suppose n = 2*c - 3. Calculate the highest common divisor of 8 and c.
8
Let f = -6 - -2. Let y be 10/f*(-7 - 1). Suppose -73 = 3*n - 103. What is the highest common divisor of y and n?
10
Let d be 2 + (-1 - 1) + 1. Let b = 74 + -9. Let j be b/3*(d - -2). What is the highest common factor of j and 26?
13
Suppose -3*k + 269 = -16. Suppose -k + 25 = -z. Let i(a) = 4*a - 2. Let g be i(3). What is the highest common divisor of z and g?
10
Let w be (2/4)/((-1)/(-4)). Suppose -6*h + 8 = -w*z - 2*h, -4*z = -3*h + 11. Let u be ((-20)/z)/(1/6). What is the highest common factor of u and 12?
12
Let s be 6*-7*14/(-21). Calculate the greatest common divisor of s and 4.
4
Suppose 2*m - 3*s + 0*s + 15 = 0, -2*m = -s + 5. Suppose 4*w - 85 - 219 = m. What is the highest common divisor of w and 19?
19
Let n be 4*(44/8 - 2). Calculate the highest common factor of 224 and n.
14
Let c(r) = 3*r. Let t(w) = 3*w**2 + 2 - 3 + w - 2*w**2. Let x be t(1). Let o be c(x). What is the greatest common factor of 27 and o?
3
Suppose -2*i + 73 = -177. Suppose -z - 4*s + i = 4*z, -4*z + 100 = -s. Calculate the greatest common factor of z and 5.
5
Let d be -3 + 3 - 1 - -2. Suppose 5*f + 1 = 4*f + 4*k, -2*k = 3*f - 39. What is the highest common factor of d and f?
1
Let f(s) = -29*s**3 + s**2 - s - 1. Let n be f(-1). Suppose n = -3*q + 6*q. Calculate the highest common divisor of q and 30.
10
Let t be ((-3)/(-6))/((-2)/4). Let f be 44/6 + t/3. Suppose f*d - 2*d = 350. What is the highest common divisor of 10 and d?
10
Let i = -4 + 15. Calculate the highest common divisor of i and 99.
11
Suppose 0*o + o - j - 13 = 0, 3*j = -2*o + 1. Calculate the highest common divisor of o and 32.
8
Let k(v) = -9*v - 3. Let t be k(-1). Calculate the highest common factor of t and 2.
2
Let v be 2*1/(-3 + 4). Let a be (-1 - -1)/1 + 4. Calculate the highest common divisor of a and v.
2
Let z(g) = -g**3 - 8*g**2 + 10*g + 11. Let x be z(-9). Calculate the highest common divisor of x and 38.
2
Suppose -1 + 3 = 2*k. What is the highest common divisor of 3 and k?
1
Let f be (10/6)/((-8)/(-24)). Calculate the greatest common divisor of 55 and f.
5
Suppose m = l + 229, 104 = m - 4*l - 119. What is the greatest common factor of 21 and m?
21
Let t = -19 - -13. Let l be ((-15)/t)/((-5)/(-120)). What is the greatest common divisor of l and 40?
20
Let t(g) be the third derivative of -g**4/24 - g**3/3 + 2*g**2. Let o be t(-4). What is the greatest common factor of o and 6?
2
Let t(b) = 9*b**2 + 5*b - 3. Let m(j) = -j + 5. Let u be m(7). Let g = u - 2. Let c be t(g). What is the greatest common divisor of 11 and c?
11
Suppose r + 137 = 2*t, -3*t + r + 203 = -0*r. What is the greatest common divisor of 6 and t?
6
Suppose 5*t - 176 =